. What is the remainder when k is divided by 4?
1
Let s(m) = 9*m - 3. Let o be s(-6). Let x = 100 + o. Let b = 29 - 18. Calculate the remainder when x is divided by b.
10
Calculate the remainder when 77 is divided by ((-11 - -1)*-1)/((-11)/(-44)).
37
Let z(n) = n**2 + 2*n - 3. Let g be ((-6)/(-2))/((-3)/(-81)). What is the remainder when z(-5) is divided by (-2)/(-8) - g/(-12)?
5
Suppose -3*h + h + 70 = 2*y, -4*h + 20 = 0. Let d = -31 - -47. What is the remainder when y is divided by d?
14
Let m(n) = n**3 + 11*n**2 + 10*n. Let o be m(-10). Let a = o - -3. Suppose -70 + 22 = -a*f. What is the remainder when f is divided by 9?
7
Suppose 5*h = -3*i + 98, -9*h + 4*h = -3*i - 122. Calculate the remainder when h is divided by 6.
4
Let n be (-4)/12*-3 - -1. Calculate the remainder when 23 is divided by n*(2 - 4/(-8)).
3
Suppose -3*d = -6*d + 78. Suppose 0 = 6*z + 3*z - 135. Calculate the remainder when d is divided by z.
11
Let x(v) = 31*v**2 - 1. What is the remainder when x(1) is divided by -16*2*2/(-2 - 2)?
14
Let i = -16 + 28. What is the remainder when 20 is divided by i?
8
Suppose 2*l + 5*q = 21, -3*q + 10 = l - q. Let g(r) = r - 4. What is the remainder when g(l) is divided by 2?
0
Let y(t) be the first derivative of t**4/4 - 5*t**3/3 - t**2/2 - 7*t - 5. What is the remainder when y(6) is divided by 8?
7
Let k(d) = 2*d**2 - 42*d - 26. What is the remainder when k(22) is divided by 12?
6
Suppose 5*j = -3*b + 68, -6*j + 11*j - 2*b - 63 = 0. What is the remainder when 4*12*(-3)/(-4) is divided by j?
10
Suppose 5*h - 2*f - 22 = 3*h, 3*f = -4*h + 79. Let t = -39 - -85. Calculate the remainder when t is divided by h.
14
Let c(q) = -q**3 - q**2 - q + 9. What is the remainder when c(-4) is divided by ((-3)/(-2)*14)/1?
19
Let t(f) = f + 12. Let w(m) = -7*m + 1. Calculate the remainder when w(-2) is divided by t(-6).
3
Let c(j) = -3*j - 33. Calculate the remainder when c(-17) is divided by 10.
8
Suppose -4*h = 4*n - 230 + 2, 2*h + 2 = 0. What is the remainder when n is divided by 33?
25
Let p = 0 + 6. Let i = p - 2. Let s(h) = 3*h - 4. Calculate the remainder when s(i) is divided by 5.
3
Let h = 78 - 31. Let i = -17 - -41. Calculate the remainder when h is divided by i.
23
Suppose 0 = o + 3*o + 3*u - 176, 0 = -5*o + u + 239. What is the remainder when o is divided by 16?
15
Suppose 4*t + 39 + 71 = 2*d, -4*d = -2*t - 214. What is the remainder when d is divided by 18?
17
Let f be ((-108)/(-45))/((-4)/(-10)). Let k be -1 + 0 - (-19 - 0). Suppose 3*p + k = f*p. Calculate the remainder when 23 is divided by p.
5
Suppose -t = -l - 3*l + 71, 5*t - 59 = -3*l. Calculate the remainder when 51 is divided by l.
15
Suppose -5*y + 0 = -110. Calculate the remainder when y is divided by 17.
5
Let h(t) be the second derivative of -t**4/12 + 3*t**3/2 - t**2 - 2*t. What is the remainder when h(5) is divided by 10?
8
Let q = 368 + -244. What is the remainder when q is divided by 14?
12
Calculate the remainder when 15*((-4)/6)/((-2)/9) is divided by 12.
9
Let a = -4 - -7. Suppose -a*l + 24 = -0. Let i = 56 + -34. Calculate the remainder when i is divided by l.
6
Let b(x) = -8*x. Suppose 4*w + 4 = -4. Let p be 1 - (2 - 1 - w). What is the remainder when b(p) is divided by 9?
7
Suppose 0*h + h - 90 = 0. What is the remainder when h is divided by 31?
28
Let i = -23 - -32. Suppose 5*q - d = 3*d + 29, 5*q - 61 = -4*d. Calculate the remainder when (-6)/4*(-150)/q is divided by i.
7
Let j(k) = -2*k - 3. Let f(t) = 4*t**2 + 3*t. Let r be f(-3). Suppose -l - 3*o + 4 = 0, 9 = 5*l - o - r. What is the remainder when l is divided by j(-3)?
1
Let s = 169 - 160. What is the remainder when 286 is divided by s?
7
Let j = 30 + -15. What is the remainder when 38 is divided by j?
8
Let z = 63 + -3. What is the remainder when z is divided by 31?
29
Suppose -21*w = -26*w. Suppose w = 4*a + 14 - 42. Suppose 0 = 3*k - 61 + 7. What is the remainder when k is divided by a?
4
Suppose d + d - 20 = 0. Let g = 17 - 13. What is the remainder when d is divided by g?
2
Suppose -68 = -7*a + 3*a. Let r(s) = 2*s**2 - 7*s + 6. What is the remainder when a is divided by r(4)?
7
Suppose -v + 3 + 11 = -o, 4*v = -o + 61. Calculate the remainder when v/10*28/6 is divided by 5.
2
Suppose 4*h - 194 = 162. What is the remainder when h is divided by 23?
20
Suppose 0 = -2*z - 0*z + 10. Suppose -3*m + 160 = m. Suppose -z*w + m = -35. Calculate the remainder when 28 is divided by w.
13
Suppose i - 138 = -5*i. Let t(w) = w**2 - 4*w - 9. Calculate the remainder when t(-7) is divided by i.
22
Suppose 0 = -4*s - 9 + 29. Let y(w) be the second derivative of w**5/10 - w**4/6 + 2*w**3/3 - 3*w**2/2 - w. What is the remainder when y(2) is divided by s?
3
Suppose 196 = 3*t + 19. Suppose w - 1 = h, 0*w + 5*h + 5 = -5*w. Suppose w*r = -2*r + 8, -5*r = -k. Calculate the remainder when t is divided by k.
19
Suppose 0*o - 16 = -3*j + 4*o, 0 = -4*j - 5*o + 73. What is the remainder when j is divided by 2?
0
Let y = -29 - -25. What is the remainder when -2 - (-53 + -2 - y) is divided by 26?
23
Suppose 0 = g - 10 - 8. Calculate the remainder when 35 is divided by g.
17
Let l = -6 - -11. Let b(t) = 13*t**2 + t**3 - l*t - 3*t - 7*t**2 + 1. What is the remainder when 13 is divided by b(-7)?
5
Let l(a) = -a**2 + 3*a + 2. Let w be l(3). Suppose -x + 5*f - 22 = 0, 7*x - 2*x = 3*f. Calculate the remainder when w/7 - (-141)/21 is divided by x.
1
Suppose 3*h + 2*w - 4*w = -7, -5*w = -h - 24. Suppose -4*o + 44 = -3*o. Calculate the remainder when o is divided by 2 - h - 22/(-1).
21
Let u(b) = b**2 - 10 + 0*b**2 - 2*b + 4 - 3*b. Let v be u(6). Suppose 18 = -v*x + x. What is the remainder when x is divided by 7?
4
Let c(j) = -j + 12. Let o be c(7). Let z = 14 - o. Calculate the remainder when z is divided by 5.
4
Suppose -128 = 6*z - 14*z. Calculate the remainder when 43 is divided by z.
11
Suppose 3*g + g - 104 = 0. Calculate the remainder when g is divided by 14.
12
Suppose -4*l - 5*a + 319 = 0, 5*l + a = 5*a + 409. Calculate the remainder when l is divided by 17.
13
Suppose 0*g - 3*g + 24 = -3*c, -4*g + 12 = 0. Calculate the remainder when 40 is divided by (-5)/(c/12) - -2.
12
Let t = 3 + 1. Calculate the remainder when 8/(t/(-1)) + 23 is divided by 11.
10
Suppose 4*f = 2*f + 28. What is the remainder when 40 is divided by f?
12
Let n(v) = -5*v - 1. Let r(m) = 2*m + 11. Calculate the remainder when r(7) is divided by n(-3).
11
Let l(d) = 3*d**2 - 4 - 9*d + 9*d. What is the remainder when l(-4) is divided by 15?
14
Suppose -9 - 27 = -w. Suppose w = -3*p + 7*p. Let d = 32 + -16. What is the remainder when d is divided by p?
7
Let j be -2 - (-2 - (4 - 1)). Suppose 3*t + 9 = 0, -j*p - 2*t + t = -5901. Calculate the remainder when 6/39 + p/52 is divided by 13.
12
Suppose -4*m + 276 = -0*m. Suppose -5*b = -c - 109 - 6, 2*c = 3*b - m. Let r(l) = -7*l**3 + l**2 + l + 1. Calculate the remainder when b is divided by r(-1).
7
Suppose 10*s - 20 = 5*s. What is the remainder when 15*(-3 - (-17)/5) is divided by s?
2
Let q be 2/(-6) - (-20)/6. Let t = q + 5. What is the remainder when t is divided by 2/4*(1 - -9)?
3
Suppose -k = -121 + 97. Calculate the remainder when 93 is divided by k.
21
Suppose 216 = 4*q - h, 2*q - 4*h - h = 108. Calculate the remainder when q is divided by 11.
10
Suppose -s + 2*s = 2*j - 36, 0 = -4*j - 4*s + 60. Suppose -2*y - 4 = 4*g, 3*y + g = -0*g + 9. What is the remainder when j is divided by 130/14 + y/(-14)?
8
Suppose -29*g = -27*g - 36. Calculate the remainder when 71 is divided by g.
17
Let y(p) = -p**3 - 6*p**2 - 5*p + 1. What is the remainder when y(-6) is divided by (-4)/((-1)/8*2)?
15
Suppose 0 = -5*a - 70 - 105. What is the remainder when (-2)/4*(-3 + a) is divided by 7?
5
Suppose -4*r + 0*r + 112 = 0. Suppose -5*q + 5*d + 275 = 0, 5*d - 33 - 116 = -3*q. Calculate the remainder when q is divided by r.
25
Suppose 0 = 2*z - 0*z - 2. Suppose 44 = 2*h - 24. What is the remainder when h is divided by (4/5)/(z/15)?
10
Suppose 4 = 2*y + 2*y. Suppose -3*p - p - 12 = -4*x, 5*x + 5*p - 15 = 0. Suppose 0 = x*h - 7*h + 4. What is the remainder when y is divided by h?
0
Let g(c) = c - 7. Let v be g(9). Suppose -32 + v = -2*q. Calculate the remainder when 43 is divided by q.
13
Suppose -9 = -q + 24. Suppose 0 = -4*c - 0*c + h + 49, 2*